 -d - 131 = -2*p. List the prime factors of p.
2, 3, 5
Suppose -24*o + 5*v = -20*o - 190550, 24 = 4*v. List the prime factors of o.
5, 13, 733
Let v = 29250 - 4788. Suppose -15*i + v = 8802. List the prime factors of i.
2, 3, 29
Let g(q) = 4*q**2 - 4*q + 4. Suppose -2*j - 7 = -c, 3*c - j = -3*j + 5. Let a be (-2)/(2/c)*(-44)/66. List the prime factors of g(a).
2, 3
Suppose 6*u - 7140 = -8*u. Suppose -u = -l - j, -j = l - 5*l + 2065. What are the prime factors of 2/3 - (-8 - l/15)?
43
Suppose -3*x = -5*u - 68, 18 = -3*u + 4*x - 14. Let s = 31 + u. What are the prime factors of s?
3, 5
Suppose 10*v = -3*a + 5*v + 123, -5*a + 3*v + 239 = 0. Let u = 49 - a. Suppose -u*r + r + 3*d = -181, -5*r = 3*d - 442. What are the prime factors of r?
89
What are the prime factors of -6 - ((-4)/36 + 179868/(-54))?
5, 7, 19
Let g(p) = -3*p + 4. Let a be g(1). Let f be (0 - a)*2782/(-26). Let o = 253 - f. List the prime factors of o.
2, 73
Let k(y) = -2*y**2 + 14*y - 9. Let g be k(6). Let m be (g/6)/(3/12). Let t(q) = 11*q - 5. What are the prime factors of t(m)?
17
Let r(f) = -5*f - 63. Let i be r(-13). Suppose -5*v + 1283 = i*j, 4*v - 2*j = 495 + 517. List the prime factors of v.
3, 5, 17
Suppose -3710802 = 31*u - 188*u + 2136977. What are the prime factors of u?
7, 17, 313
Let d(k) = -940*k - 21. Suppose 24*z - 9 = 33*z. List the prime factors of d(z).
919
Suppose -2*d = 3*q + 54, 3*q + 77 = -5*d + 14. Suppose 0 = l - 3*g + 3, 0 = -2*l - l + 2*g + 5. List the prime factors of (l + q/4)*-40.
2, 5
Let j be (1 - 663/(-8)) + 12/96. Let q = -72 + j. Let h = q - -110. List the prime factors of h.
2, 61
Let x be ((1 + -6)/(-10))/((-1)/16). Let m(c) = 5*c**2 + 24*c + 11. What are the prime factors of m(x)?
139
Suppose t = 241*u - 236*u - 270333, 5*u = 5*t + 270305. List the prime factors of u.
2, 7, 1931
Let c(d) = 68*d**2 + 313*d + 14. What are the prime factors of c(-15)?
7, 37, 41
Let q(h) = -155*h**3 + 7*h**2 + 7*h - 55. What are the prime factors of q(-4)?
9949
Let y = 203298 - 133828. What are the prime factors of y?
2, 5, 6947
Let x be 3/((-12)/230)*8. What are the prime factors of (1/2)/((-2 - -1)/x)?
2, 5, 23
Let k = 50 - 93. Let o be 742/53*38/(-4). Let m = k - o. List the prime factors of m.
2, 3, 5
Let g be (-288)/(-13) + ((-60)/65)/6. Suppose 0 = g*y - 16*y - 5238. What are the prime factors of y?
3, 97
Let i be (3864/(-115))/(1/5). List the prime factors of (1/7 + (-270)/i)*212.
7, 53
Let l be 4/(-20) + (-64)/5. Let t = l + 16. Let v = t - -42. What are the prime factors of v?
3, 5
Let g be (60/(-18))/(-5)*(33 - 6). Let f = 122 - 12. Let u = f + g. List the prime factors of u.
2
Let w be (70/(-3))/(-2)*-3. Let g be (-3 - -6) + (-5)/(20/(-8)). List the prime factors of 389/g - 7/w.
2, 3, 13
Let r(o) = 2*o**2 + 22. Let u(h) = 3 + 6*h**2 - 4*h**2 - h**3 + 5 - 4 - 5*h. Let k be u(2). What are the prime factors of r(k)?
2, 47
Suppose t - 4014 = 4013. What are the prime factors of t?
23, 349
Let v = -2804 - -5730. List the prime factors of v.
2, 7, 11, 19
Suppose 82 = 14*n + 26. Suppose 3*i + 1694 = n*x, -3*i + 4*i + 2 = 0. List the prime factors of x.
2, 211
Let w be (14/(-4) - -2)*(-9 + 7). Let o be w + (4/(-6))/(2/(-213)). Suppose -f = -2*k + 73, -k + o = k - 2*f. What are the prime factors of k?
2, 3
Let n = -859 + 862. Suppose 0 = n*c - 0*c - 2373. What are the prime factors of c?
7, 113
Suppose -119*n + 105*n = -70. Suppose -4*h = 4*q - 48, -5*q - 10 = -5*h - 0. Suppose -122 = n*r - h*r. What are the prime factors of r?
61
Suppose 0 = l - 4, -3*v = -4*v + 5*l + 89. Suppose -118*t + 2727 = -v*t. List the prime factors of t.
3, 101
Suppose 220*i - 1017 = -2*f + 225*i, -1014 = -2*f + 4*i. What are the prime factors of f?
3, 167
Let q = -115 + 250. Let a = q + 131. What are the prime factors of a?
2, 7, 19
Suppose -k = 3*q + 43, -25 - 190 = 5*k - 2*q. Let x = k - -46. Suppose x*p - 20 = 4. What are the prime factors of p?
2
Suppose 0*v + 4 = -2*v. Let x be (168/(-32))/(v/8). Let z = 18 + x. What are the prime factors of z?
3, 13
Let j be (-393)/12*144/(-9). Suppose 2*d - 2*a = 352, -5*d - 4*a + 374 = -j. List the prime factors of d.
2, 89
Let z(d) = 3*d - 2. Let y(t) = -2*t + 3. Suppose 32 = -0*p - 8*p. Let m(x) = p*y(x) - 6*z(x). List the prime factors of m(-7).
2, 5, 7
Let u(t) = 65*t**2 + 10*t - 20. Let r(z) = -32*z**2 - 6*z + 10. Let v(f) = 5*r(f) + 3*u(f). What are the prime factors of v(2)?
2, 5, 13
Let j = 380 - -1431. List the prime factors of j.
1811
Suppose 2*t - 1018 = 3*j, -t = -4*t - j + 1527. Suppose -v + 4*o + 171 = 0, -4*v + 2*o + t = -217. What are the prime factors of v?
3, 61
Suppose -83 = 2*v + 79. Let j = 63 + v. What are the prime factors of j/(72/(-33) + 2)?
3, 11
Let g(l) = -2*l**3 + 12*l**2 - 3*l + 9. Let i be g(6). Let f = -1 - i. Suppose -f*z - 140 = -10*z. What are the prime factors of z?
2, 5, 7
Let k be -4 + (-1 - -4) + -445. Let y = 675 + k. What are the prime factors of y?
229
Suppose 3*k + 3*y - 3 = -27, 4*k + 26 = -y. Let n = 13 - -17. What are the prime factors of 4/10 + -148*k/n?
2, 3, 5
Suppose -11*d - 8*d = 943540. What are the prime factors of -2 + d/(-32) - 4/(-32)?
2, 5, 31
Let x be ((-3)/2)/((-23)/414). Suppose f - 64 = m, -2*f - 3*m = x - 150. What are the prime factors of f?
3, 7
Suppose -50*s + 49*s = -41. Suppose -39*f = -s*f + 794. List the prime factors of f.
397
Let g(u) = u**3 + 50*u**2 + 165*u + 6. What are the prime factors of g(-40)?
2, 4703
Let c be 0/((-3)/6 + (-18)/(-4)). Suppose 133*a - 129*a - 2212 = c. What are the prime factors of a?
7, 79
Let c(a) be the third derivative of 0 + 0*a**3 + 0*a - 15*a**2 - 1/8*a**4. List the prime factors of c(-4).
2, 3
Let x = -47 + 42. Let y(f) = f**2 - 4*f - 24. Let q(r) = r**2 - 4*r - 24. Let s(u) = x*y(u) + 6*q(u). List the prime factors of s(-11).
3, 47
Let z be (9 - (-243)/(-18))*-150. Let w = 1481 - z. What are the prime factors of w?
2, 13, 31
Suppose 3*l - 75915 = -2*l. What are the prime factors of l?
3, 7, 241
Let c = -100 + 108. Suppose c = 4*a - 4. List the prime factors of a/3*(107 + 0).
107
Suppose 1621*a + 241646 = 1625*a + 5*p, -5*a + 2*p + 302107 = 0. List the prime factors of a.
31, 1949
Let r = -48 + 140. Let y = r + -41. Let j = 38 + y. What are the prime factors of j?
89
Let f = -17602 + 73503. What are the prime factors of f?
55901
Let x(n) = 4*n - 133. Let c(g) = 17*g - 531. Let w(v) = 2*c(v) - 9*x(v). What are the prime factors of w(25)?
5, 17
Let z be (-592)/12*12/8. Let t = -70 - z. Suppose -p + 6*p - 435 = 3*u, 0 = t*u - 20. List the prime factors of p.
2, 3, 5
Let p(h) = -h + 25. Let y(t) = -t**3 - t + 18. Let w be y(0). Let g be p(w). Suppose -2*l - 540 = -g*l. What are the prime factors of l?
2, 3
Suppose -7*o + 3*o = 0. Let d be 2/6 - ((-7)/(-3) + o). List the prime factors of d + ((-8)/(-12) - 849/(-9)).
3, 31
Let m(s) = -s**3 - 18*s**2 - 2*s - 32. Let w be m(-18). Suppose -w*v + 207 = 5*q, -3 + 66 = v + 5*q. What are the prime factors of v?
2, 3
Let u = 80 + -92. Let s = u - -77. Suppose -s - 132 = -o. List the prime factors of o.
197
Let o be -6 - (-54)/2 - (2 + -1). Let t(i) = 4*i + 62. List the prime factors of t(o).
2, 71
Suppose 0 = 2*c - 4*w + 18, -4*c - 6 = 21*w - 23*w. List the prime factors of 3*(-7499)/(-15) - c/(-5).
2, 3, 5
Let t = -3111 + 8451. List the prime factors of t.
2, 3, 5, 89
Suppose -2*y + 0*i - 3*i = -33, -3*i + 12 = y. Let z(b) = -b**2 + 39*b - 49. What are the prime factors of z(y)?
7, 47
Let b = -348 + 239. Let q = 108 + b. What are the prime factors of ((480/9)/(-8))/(q/21)?
2, 5, 7
Let g = 188521 - 112665. List the prime factors of g.
2, 11, 431
What are the prime factors of (-23679)/(-36)*(-1 - -5)?
3, 877
Let k(n) = 5*n**2 + 3*n + 55. Let f be k(-9). Let g = 815 - f. What are the prime factors of g?
2, 191
Suppose 0 = -5*a + 825 + 6730. Let o = a + -895. List the prime factors of o.
2, 7, 11
Suppose 6*l - 2046 + 204 = 0. What are the prime factors of l/(-4)*(-10 - (0 - 2))?
2, 307
Suppose 0 = 67*o - 5*o + 762236 - 3645360. List the prime factors of o.
2, 23251
Let i = -15 - -17. Suppose 0 = i*f - f - 6. Suppose d + f = -4*q + 84, -5 = -q. What are the prime factors of d?
2, 29
Let x = 49058 + -28314. What are the prime factors of x?
2, 2593
Let i(p) = 323*p**2 - 204*p + 26. List the prime factors of